t z = i - -8. Suppose r + 348 = 3*u, 445 = z*u + 3*r + 2*r. Is u composite?
True
Let y be 2/(-3)*(2 + -8). Let f = 0 + 6. Let k = f + y. Is k a prime number?
False
Suppose -2*f - 2*f = 2*s - 56, 2*f + 8 = s. Let w = -14 + s. Is (-3095)/(-45) - w/(-18) a composite number?
True
Suppose 20883 + 5462 = 5*s. Is s a prime number?
False
Is (2 - 11)*-1 - -10888 a prime number?
False
Let f = 765 - -623. Suppose 0 = c - f - 1217. Is c composite?
True
Suppose -u + 2*u + 5*r - 29 = 0, 5*r - 33 = -2*u. Let w be u/3*9/4. Suppose w*m + 0*g + 3*g = 996, -2*g = -2*m + 652. Is m a composite number?
True
Suppose 0 = -l + 57 + 5. Let o be 2/5 - (-28)/5. Is (-3 + 6 - o) + l a prime number?
True
Suppose -26*g + 2129 = -25*g. Is g composite?
False
Let t(u) = 28*u**2 - u - 11. Let a = -12 - -18. Is t(a) prime?
True
Let s(f) = -f**3 - f**2 - 1. Let u(l) = -27*l**3 + 7*l**2 - 3*l + 4. Let o(j) = -2*s(j) - u(j). Is o(3) a prime number?
False
Let b(v) = 2229*v**2 - v + 1. Let s(w) = -1. Let y(t) = b(t) + 2*s(t). Is y(-1) prime?
False
Let a be (-12)/20*(-16 - -1). Let j be (a - (2 - 0))*5. Is (-9540)/(-28) - (-10)/j prime?
False
Let i(s) = s**3 - 9*s**2 + 42*s + 21. Is i(22) a composite number?
False
Suppose 5*f - 7190 = x, 5*f - 2213 - 4947 = -5*x. Suppose -f = 4*r + 1307. Let l = 1171 + r. Is l prime?
False
Let w be (-4)/(-10) - ((-115)/25 - -5). Suppose 2*x + w*x = 2546. Is x prime?
False
Suppose r - 3*p - 35 = -4*r, 3*p - 25 = -r. Let h = r - 2. Is 634/h - 1/4 a composite number?
False
Let l(z) = -7*z + 6. Let s(g) = -13*g + 13. Let n(c) = -5*l(c) + 2*s(c). Let m be n(-8). Is (-4)/(16/(-12)) - m composite?
False
Suppose -19 = 4*z + 13. Let y(x) = -x**2 - 15*x + 6. Is y(z) a prime number?
False
Let p = -25 - -33. Suppose -c + 1449 = p*c. Is c prime?
False
Let r = 6462 - 2485. Is r composite?
True
Let p(j) = 7*j**3 - 4*j**2 + 5*j - 2. Let u be p(3). Let x = -1 + u. Suppose 7*y = 4*y + x. Is y composite?
True
Let y(i) be the second derivative of -39*i**5/20 + 3*i**4/4 + 7*i**3/6 + i**2 - 19*i. Is y(-3) a composite number?
True
Is -1 + 2218404/45 + 16/120 prime?
True
Let b = -217 - -485. Suppose -b - 1000 = 4*h. Let l = 530 + h. Is l a prime number?
False
Suppose 44*w = 45*w + 3, 3404 = s + 5*w. Is s a prime number?
False
Let s(z) = 407*z + 4. Let i(g) = 203*g + 2. Let x(h) = -11*i(h) + 6*s(h). Is x(1) prime?
True
Suppose 0 = -4*g + 882 + 7378. Suppose 0 = 48*p - 53*p + g. Is p a composite number?
True
Suppose -2*i - 3*i - 20 = -5*j, 19 = 5*j - 4*i. Suppose 0 = j*w - 8*w + 595. Is w + 0/(9/3) composite?
True
Suppose 4*j = -u + 14, 2*j - 6*u - 16 = -2*u. Suppose -7*t + j*t = -381. Is t a composite number?
False
Let y = 780 - 453. Suppose 2*t = 5*t - y. Let a = -56 + t. Is a a composite number?
False
Let l(b) = -2*b**2 - 510*b**3 - b - 836*b**3 + 576*b**3. Is l(-1) prime?
True
Let p(y) = 50*y**2 - 42*y + 37. Is p(21) a prime number?
False
Is (16406/8)/((-5)/(-60)*3) composite?
True
Let k(g) = g - 1. Let j be k(7). Let u(z) = -z**2 + 8*z + 7. Let i be u(j). Suppose 3*c - 254 = i. Is c a composite number?
True
Let f(r) be the second derivative of -43*r**5/10 + r**4/4 - r**2/2 + 9*r. Let o be f(2). Let q = -238 - o. Is q prime?
True
Suppose 617 = 5*p + 3*q - 199, 5*p - 812 = -q. Suppose 662 - p = -4*n. Let d = 478 + n. Is d prime?
True
Let t = 40 + -79. Suppose 2*b + 2856 = -4*b. Let p = t - b. Is p prime?
False
Suppose 3*y - 25*y + 352726 = 0. Is y composite?
False
Let s be (14/6 - (-2)/(-6))*31. Let g = 273 - s. Is g a composite number?
False
Suppose 3*o = 2*o + 25. Let v = o - 23. Suppose -4*w + v*w + 254 = 0. Is w a composite number?
False
Is (221328/(-30) + -1)*-5 a composite number?
True
Suppose 35*n = 128436 - 27671. Is n composite?
False
Let z(b) = -b**3 - 18*b**2 + 27*b**2 - 18*b**2 - 1 - 19*b - 3. Is z(-13) a composite number?
False
Let z(i) = -i**3 - 9*i**2 + 2*i - 3. Let m be z(-7). Let x = m - -434. Is x composite?
True
Let l(u) = 11*u**3 + u**2 - u + 1. Let o be l(1). Let n = -10 + o. Is 401/((-8)/n + 5) composite?
False
Suppose 5*h - 8863 = 6342. Is h a composite number?
False
Suppose 5*j + 406 = -719. Let i = 374 + j. Is i a composite number?
False
Suppose -2*x + 3*o + 1015 = -3234, -4*o = -4*x + 8504. Is x a prime number?
True
Suppose -9919 = -6*v + 203. Suppose 2*y - 3*y + v = -2*q, -6748 = -4*y - 3*q. Is y composite?
True
Suppose -40*v + 74033 = 3*r - 36*v, -2*r + v = -49370. Is r prime?
True
Let r(i) = -1385*i + 70. Is r(-5) prime?
False
Let x(r) = -88*r - 5. Is x(-31) a prime number?
False
Suppose 10 - 18 = -4*q. Suppose -3*d - 2*p = -469, 0 = -6*d + d - q*p + 779. Is d prime?
False
Let n be -1*(-2)/(1 + 0 - -1). Is ((-67)/4)/((-12)/(-16) - n) prime?
True
Suppose 50*h - 45*h - 1255 = 0. Is h a prime number?
True
Let h = 43 - 23. Suppose 4*o - h = -o. Let m(x) = 67*x - 5. Is m(o) prime?
True
Let o(k) = 2*k - 2*k - 2 - 5 + 2*k. Let t be o(4). Let x = t + 156. Is x composite?
False
Let s be 4/(16/316) - (4 - 5). Let j = s + 11. Is j a prime number?
False
Suppose -26 = 3*l + 5*b - 4*b, 4*b = -5*l - 34. Is (-4)/l - (37328/(-20))/4 a prime number?
True
Let o(f) = -4*f**2 - 3*f + 6 - 8*f + f**3 + 4. Let y be o(8). Suppose y - 15 = u. Is u a prime number?
True
Let f(j) = j**3 - 10*j**2 + 10*j - 8. Let c be f(9). Let m(n) = 479*n + 264*n - 158*n + 0 + 2. Is m(c) prime?
True
Let q be (0/(-5))/1 - -3. Suppose 4*p + 2*k = 5132, q*p = 7*p + 3*k - 5128. Is p prime?
False
Let g be 2/(-1) - (-3 + -3). Suppose -g = -v - 0. Suppose v*k + 105 = 1853. Is k composite?
True
Let t = -23 - -427. Let d = 2267 + t. Is d a composite number?
False
Suppose 0 = -2*t - 7 - 157. Is 7/21 - t/3*65 a prime number?
True
Let i be ((-80)/(-35))/((-4)/(-14)). Let j(c) = c**2 - 9*c + 8. Let f be j(i). Suppose -4*d - 544 + 1828 = 2*w, f = -5*d + w + 1591. Is d a composite number?
True
Let o be (-12)/15*(-18 - 2). Let r(a) = -9*a - a**3 + o + 0*a**2 - 9*a**2 + 10*a. Is r(-13) a prime number?
False
Let h be (75/10)/(-5)*-2. Suppose -g + 257 = -h*b, -1271 = -g - 4*g + b. Is g composite?
True
Let f(x) = 119*x**2 - 2*x + 11. Let u be ((-16)/10)/(-7*10/(-175)). Is f(u) a prime number?
False
Let s(g) be the second derivative of 2*g**3/3 + 3*g**2 - g. Let w be s(-3). Let z(h) = -h**2 - 8*h - 9. Is z(w) a prime number?
True
Let w(d) be the second derivative of d**5/20 - 4*d**3/3 + 3*d**2 - 11*d. Suppose -3*x + 28 = x. Is w(x) a prime number?
True
Suppose -3*j + 2*z + 35 = -3*z, 5*z + 20 = 0. Suppose -j*l - 22 - 10 = -4*k, 4 = -4*k - 4*l. Suppose k*s - 5*s + 62 = 0. Is s a composite number?
False
Let u(m) = 307*m - 5. Let i be u(2). Suppose i + 834 = 3*t. Let r = -332 + t. Is r a composite number?
False
Suppose 0 = 18*z - 181497 + 14331. Is z a composite number?
True
Let t(x) = -4*x**3 + 28*x**2 + 10*x + 13. Is t(-13) composite?
True
Is 2499/6 + 85/34 a prime number?
True
Let p be -6*2/8*-2. Suppose 3 = -p*m + 4*m. Suppose -4*w = -m*u - 734, -5*w + 10*w - 915 = 5*u. Is w composite?
True
Let r be (-4)/2 - (-416 + -6). Suppose 3*v - 237 = r. Is v prime?
False
Let b(k) = -k**2 + 6*k + 10. Let m be b(7). Suppose 3*l + 2*h + 0 - m = 0, -3*l - h = -6. Suppose 2*r = 2, d - l*r + 5*r - 96 = 0. Is d composite?
True
Let y(i) = -82*i - 5*i**2 + 90*i - 11 + 4*i**2. Let a be y(5). Suppose -2*l = -a*l + 1082. Is l prime?
True
Let r be (18 - 17) + (-604)/(-2) + 1. Suppose 0 = q - c - 761, -r = -q - 4*c + 437. Is q a composite number?
False
Let s = -118 - -82. Let p be (-206)/(-14) + s/(-126). Is 14320/p - 1/(-3) composite?
True
Suppose 5*i + 26 + 24 = 0. Let p(v) = v**2 - 15*v - 13. Is p(i) a composite number?
True
Suppose -2*m + x = -912, 4*x - 4 - 4 = 0. Is m a composite number?
False
Let v(t) = -t**2 + 12*t - 8. Let n be v(12). Let l(d) = 11*d**2 + 9*d - 9. Is l(n) a prime number?
False
Suppose 0 = -5*j + 7*j - 74. Is j/(2/(-68)*-2) a composite number?
True
Let m(x) = -156*x + 7. Let w(s) = -3*s - 37. Let k be w(-11). Is m(k) a prime number?
True
Let m(k) = -45486*k + 257. Is m(-2) prime?
True
Let k(n) = 434*n**2 + 12*n + 29. Is k(-7) composite?
False
Suppose -7196 = -4*l - 4*q, 2*l + 0*l - 4*q - 3610 = 0. Is l a prime number?
True
Suppose 11 = d - 2*r, 0 = d + r - 6 + 4. Suppose -5*b - 2*g + 12599 = -2*b, -5*b - d*g = -20995. Is b prime?
True
Let f(t) = -47*t - 2. Let w be f(-1). Suppose 2*a = -a + w. Let k = a 